{"id":103,"date":"2025-12-09T17:39:13","date_gmt":"2025-12-09T17:39:13","guid":{"rendered":"https:\/\/beltraopalacehotel.com.br\/?page_id=103"},"modified":"2026-01-02T19:05:07","modified_gmt":"2026-01-02T19:05:07","slug":"orcamentos-palace","status":"publish","type":"page","link":"https:\/\/beltraopalacehotel.com.br\/orcamentos-palace\/","title":{"rendered":"Or\u00e7amentos"},"content":{"rendered":"\t\t<div data-elementor-type=\"wp-page\" data-elementor-id=\"103\" class=\"elementor elementor-103\" data-elementor-post-type=\"page\">\n\t\t\t\t<div class=\"elementor-element elementor-element-f4b7195 e-flex e-con-boxed e-con e-parent\" data-id=\"f4b7195\" data-element_type=\"container\" data-e-type=\"container\">\n\t\t\t\t\t<div class=\"e-con-inner\">\n\t\t<div class=\"elementor-element elementor-element-44856bc e-con-full e-flex e-con e-child\" data-id=\"44856bc\" data-element_type=\"container\" data-e-type=\"container\" data-settings=\"{&quot;background_background&quot;:&quot;gradient&quot;}\">\n\t\t<div class=\"elementor-element elementor-element-d5e1421 e-con-full e-flex e-con e-child\" data-id=\"d5e1421\" data-element_type=\"container\" data-e-type=\"container\">\n\t\t\t\t<div class=\"elementor-element elementor-element-f931754 elementor-widget elementor-widget-heading\" data-id=\"f931754\" data-element_type=\"widget\" data-e-type=\"widget\" data-widget_type=\"heading.default\">\n\t\t\t\t\t<h2 class=\"elementor-heading-title elementor-size-default\">FA\u00c7A SEU OR\u00c7AMENTO<\/h2>\t\t\t\t<\/div>\n\t\t\t\t<div class=\"elementor-element elementor-element-c8f9a1b elementor-widget-divider--view-line elementor-widget elementor-widget-divider\" data-id=\"c8f9a1b\" data-element_type=\"widget\" data-e-type=\"widget\" data-widget_type=\"divider.default\">\n\t\t\t\t\t\t\t<div class=\"elementor-divider\">\n\t\t\t<span class=\"elementor-divider-separator\">\n\t\t\t\t\t\t<\/span>\n\t\t<\/div>\n\t\t\t\t\t\t<\/div>\n\t\t\t\t<\/div>\n\t\t<div class=\"elementor-element elementor-element-01c2931 e-con-full e-flex e-con e-child\" data-id=\"01c2931\" data-element_type=\"container\" data-e-type=\"container\" data-settings=\"{&quot;background_background&quot;:&quot;gradient&quot;}\">\n\t\t<div class=\"elementor-element elementor-element-2f82dba e-con-full e-flex e-con e-child\" data-id=\"2f82dba\" data-element_type=\"container\" data-e-type=\"container\">\n\t\t\t\t<div class=\"elementor-element elementor-element-27108e1 elementor-widget__width-initial elementor-widget elementor-widget-heading\" data-id=\"27108e1\" data-element_type=\"widget\" data-e-type=\"widget\" data-widget_type=\"heading.default\">\n\t\t\t\t\t<h6 class=\"elementor-heading-title elementor-size-default\">\nRealize o seu evento no Francisco Beltr\u00e3o Palace Hotel.<br><br>\n\nPreencha o formul\u00e1rio ao lado com os dados do seu evento e em breve entraremos em contato!<\/h6>\t\t\t\t<\/div>\n\t\t\t\t<\/div>\n\t\t<div class=\"elementor-element elementor-element-430e509 e-con-full e-flex e-con e-child\" data-id=\"430e509\" data-element_type=\"container\" data-e-type=\"container\">\n\t\t\t\t<div class=\"elementor-element elementor-element-1576d0e elementor-button-align-stretch elementor-widget elementor-widget-form\" data-id=\"1576d0e\" data-element_type=\"widget\" data-e-type=\"widget\" data-settings=\"{&quot;button_width&quot;:&quot;20&quot;,&quot;step_next_label&quot;:&quot;Next&quot;,&quot;step_previous_label&quot;:&quot;Previous&quot;,&quot;step_type&quot;:&quot;number_text&quot;,&quot;step_icon_shape&quot;:&quot;circle&quot;}\" data-widget_type=\"form.default\">\n\t\t\t\t\t\t\t<form class=\"elementor-form\" method=\"post\" name=\"New Form\" aria-label=\"New Form\">\n\t\t\t<input type=\"hidden\" name=\"post_id\" value=\"103\"\/>\n\t\t\t<input type=\"hidden\" name=\"form_id\" value=\"1576d0e\"\/>\n\t\t\t<input type=\"hidden\" name=\"referer_title\" value=\"Or\u00e7amentos - Beltrao Palace Hotel\" \/>\n\n\t\t\t\t\t\t\t<input type=\"hidden\" name=\"queried_id\" value=\"103\"\/>\n\t\t\t\n\t\t\t<div class=\"elementor-form-fields-wrapper elementor-labels-above\">\n\t\t\t\t\t\t\t\t<div class=\"elementor-field-type-text elementor-field-group elementor-column elementor-field-group-name elementor-col-100\">\n\t\t\t\t\t\t\t\t\t\t\t\t<label for=\"form-field-name\" class=\"elementor-field-label\">\n\t\t\t\t\t\t\t\tNome\t\t\t\t\t\t\t<\/label>\n\t\t\t\t\t\t\t\t\t\t\t\t\t\t<input size=\"1\" type=\"text\" name=\"form_fields[name]\" id=\"form-field-name\" class=\"elementor-field elementor-size-sm  elementor-field-textual\">\n\t\t\t\t\t\t\t\t\t\t\t<\/div>\n\t\t\t\t\t\t\t\t<div class=\"elementor-field-type-email elementor-field-group elementor-column elementor-field-group-field_2c521db elementor-col-100\">\n\t\t\t\t\t\t\t\t\t\t\t\t<label for=\"form-field-field_2c521db\" class=\"elementor-field-label\">\n\t\t\t\t\t\t\t\tE-mail\t\t\t\t\t\t\t<\/label>\n\t\t\t\t\t\t\t\t\t\t\t\t\t\t<input size=\"1\" type=\"email\" name=\"form_fields[field_2c521db]\" id=\"form-field-field_2c521db\" class=\"elementor-field elementor-size-sm  elementor-field-textual\">\n\t\t\t\t\t\t\t\t\t\t\t<\/div>\n\t\t\t\t\t\t\t\t<div class=\"elementor-field-type-number elementor-field-group elementor-column elementor-field-group-field_7465e23 elementor-col-100\">\n\t\t\t\t\t\t\t\t\t\t\t\t<label for=\"form-field-field_7465e23\" class=\"elementor-field-label\">\n\t\t\t\t\t\t\t\tTelefone\t\t\t\t\t\t\t<\/label>\n\t\t\t\t\t\t\t\t\t<input type=\"number\" name=\"form_fields[field_7465e23]\" id=\"form-field-field_7465e23\" class=\"elementor-field elementor-size-sm  elementor-field-textual\" min=\"\" max=\"\" >\n\t\t\t\t\t\t<\/div>\n\t\t\t\t\t\t\t\t<div class=\"elementor-field-type-date elementor-field-group elementor-column elementor-field-group-email elementor-col-100 elementor-field-required\">\n\t\t\t\t\t\t\t\t\t\t\t\t<label for=\"form-field-email\" class=\"elementor-field-label\">\n\t\t\t\t\t\t\t\tData de in\u00edcio\t\t\t\t\t\t\t<\/label>\n\t\t\t\t\t\t\n\t\t<input type=\"date\" name=\"form_fields[email]\" id=\"form-field-email\" class=\"elementor-field elementor-size-sm  elementor-field-textual elementor-date-field\" required=\"required\" pattern=\"[0-9]{4}-[0-9]{2}-[0-9]{2}\">\n\t\t\t\t\t\t<\/div>\n\t\t\t\t\t\t\t\t<div class=\"elementor-field-type-date elementor-field-group elementor-column elementor-field-group-message elementor-col-100\">\n\t\t\t\t\t\t\t\t\t\t\t\t<label for=\"form-field-message\" class=\"elementor-field-label\">\n\t\t\t\t\t\t\t\tData de T\u00e9rmino\t\t\t\t\t\t\t<\/label>\n\t\t\t\t\t\t\n\t\t<input type=\"date\" name=\"form_fields[message]\" id=\"form-field-message\" class=\"elementor-field elementor-size-sm  elementor-field-textual elementor-date-field\" pattern=\"[0-9]{4}-[0-9]{2}-[0-9]{2}\">\n\t\t\t\t\t\t<\/div>\n\t\t\t\t\t\t\t\t<div class=\"elementor-field-type-number elementor-field-group elementor-column elementor-field-group-field_a16a63f elementor-col-100 elementor-field-required\">\n\t\t\t\t\t\t\t\t\t\t\t\t<label for=\"form-field-field_a16a63f\" class=\"elementor-field-label\">\n\t\t\t\t\t\t\t\tQtde de Pessoas\t\t\t\t\t\t\t<\/label>\n\t\t\t\t\t\t\t\t\t<input type=\"number\" name=\"form_fields[field_a16a63f]\" id=\"form-field-field_a16a63f\" class=\"elementor-field elementor-size-sm  elementor-field-textual\" required=\"required\" min=\"\" max=\"\" >\n\t\t\t\t\t\t<\/div>\n\t\t\t\t\t\t\t\t<div class=\"elementor-field-type-textarea elementor-field-group elementor-column elementor-field-group-field_4ece998 elementor-col-100\">\n\t\t\t\t\t\t\t\t\t\t\t\t<label for=\"form-field-field_4ece998\" class=\"elementor-field-label\">\n\t\t\t\t\t\t\t\tDescri\u00e7\u00e3o do evento\t\t\t\t\t\t\t<\/label>\n\t\t\t\t\t\t<textarea class=\"elementor-field-textual elementor-field  elementor-size-sm\" name=\"form_fields[field_4ece998]\" id=\"form-field-field_4ece998\" rows=\"4\"><\/textarea>\t\t\t\t<\/div>\n\t\t\t\t\t\t\t\t<div class=\"elementor-field-group elementor-column elementor-field-type-submit elementor-col-20 e-form__buttons\">\n\t\t\t\t\t<button class=\"elementor-button elementor-size-sm\" type=\"submit\">\n\t\t\t\t\t\t<span class=\"elementor-button-content-wrapper\">\n\t\t\t\t\t\t\t\t\t\t\t\t\t\t\t\t\t\t\t\t\t\t<span class=\"elementor-button-text\">Enviar<\/span>\n\t\t\t\t\t\t\t\t\t\t\t\t\t<\/span>\n\t\t\t\t\t<\/button>\n\t\t\t\t<\/div>\n\t\t\t<\/div>\n\t\t<\/form>\n\t\t\t\t\t\t<\/div>\n\t\t\t\t<\/div>\n\t\t\t\t<\/div>\n\t\t\t\t<\/div>\n\t\t\t\t\t<\/div>\n\t\t\t\t<\/div>\n\t\t\t\t<\/div>\n\t\t","protected":false},"excerpt":{"rendered":"<p>FA\u00c7A SEU OR\u00c7AMENTO Realize o seu evento no Francisco Beltr\u00e3o Palace Hotel. Preencha o formul\u00e1rio ao lado com os dados do seu evento e em breve entraremos em contato!<\/p>\n","protected":false},"author":1,"featured_media":0,"parent":0,"menu_order":0,"comment_status":"closed","ping_status":"closed","template":"","meta":{"footnotes":""},"class_list":["post-103","page","type-page","status-publish","hentry"],"yoast_head":"<!-- This site is optimized with the Yoast SEO plugin v27.3 - https:\/\/yoast.com\/product\/yoast-seo-wordpress\/ -->\n<title>Or\u00e7amentos - Beltrao Palace Hotel<\/title>\n<meta name=\"robots\" content=\"index, follow, max-snippet:-1, max-image-preview:large, max-video-preview:-1\" \/>\n<link rel=\"canonical\" href=\"https:\/\/beltraopalacehotel.com.br\/orcamentos-palace\/\" \/>\n<meta property=\"og:locale\" content=\"pt_BR\" \/>\n<meta property=\"og:type\" content=\"article\" \/>\n<meta property=\"og:title\" content=\"Or\u00e7amentos - Beltrao Palace Hotel\" \/>\n<meta property=\"og:description\" content=\"FA\u00c7A SEU OR\u00c7AMENTO Realize o seu evento no Francisco Beltr\u00e3o Palace Hotel. Preencha o formul\u00e1rio ao lado com os dados do seu evento e em breve entraremos em contato!\" \/>\n<meta property=\"og:url\" content=\"https:\/\/beltraopalacehotel.com.br\/orcamentos-palace\/\" \/>\n<meta property=\"og:site_name\" content=\"Beltrao Palace Hotel\" \/>\n<meta property=\"article:modified_time\" content=\"2026-01-02T19:05:07+00:00\" \/>\n<meta name=\"twitter:card\" content=\"summary_large_image\" \/>\n<script type=\"application\/ld+json\" class=\"yoast-schema-graph\">{\"@context\":\"https:\\\/\\\/schema.org\",\"@graph\":[{\"@type\":\"WebPage\",\"@id\":\"https:\\\/\\\/beltraopalacehotel.com.br\\\/orcamentos-palace\\\/\",\"url\":\"https:\\\/\\\/beltraopalacehotel.com.br\\\/orcamentos-palace\\\/\",\"name\":\"Or\u00e7amentos - Beltrao Palace Hotel\",\"isPartOf\":{\"@id\":\"https:\\\/\\\/beltraopalacehotel.com.br\\\/#website\"},\"datePublished\":\"2025-12-09T17:39:13+00:00\",\"dateModified\":\"2026-01-02T19:05:07+00:00\",\"breadcrumb\":{\"@id\":\"https:\\\/\\\/beltraopalacehotel.com.br\\\/orcamentos-palace\\\/#breadcrumb\"},\"inLanguage\":\"pt-BR\",\"potentialAction\":[{\"@type\":\"ReadAction\",\"target\":[\"https:\\\/\\\/beltraopalacehotel.com.br\\\/orcamentos-palace\\\/\"]}]},{\"@type\":\"BreadcrumbList\",\"@id\":\"https:\\\/\\\/beltraopalacehotel.com.br\\\/orcamentos-palace\\\/#breadcrumb\",\"itemListElement\":[{\"@type\":\"ListItem\",\"position\":1,\"name\":\"In\u00edcio\",\"item\":\"https:\\\/\\\/beltraopalacehotel.com.br\\\/\"},{\"@type\":\"ListItem\",\"position\":2,\"name\":\"Or\u00e7amentos\"}]},{\"@type\":\"WebSite\",\"@id\":\"https:\\\/\\\/beltraopalacehotel.com.br\\\/#website\",\"url\":\"https:\\\/\\\/beltraopalacehotel.com.br\\\/\",\"name\":\"Beltrao Palace Hotel\",\"description\":\"\",\"publisher\":{\"@id\":\"https:\\\/\\\/beltraopalacehotel.com.br\\\/#organization\"},\"potentialAction\":[{\"@type\":\"SearchAction\",\"target\":{\"@type\":\"EntryPoint\",\"urlTemplate\":\"https:\\\/\\\/beltraopalacehotel.com.br\\\/?s={search_term_string}\"},\"query-input\":{\"@type\":\"PropertyValueSpecification\",\"valueRequired\":true,\"valueName\":\"search_term_string\"}}],\"inLanguage\":\"pt-BR\"},{\"@type\":\"Organization\",\"@id\":\"https:\\\/\\\/beltraopalacehotel.com.br\\\/#organization\",\"name\":\"Beltrao Palace Hotel\",\"url\":\"https:\\\/\\\/beltraopalacehotel.com.br\\\/\",\"logo\":{\"@type\":\"ImageObject\",\"inLanguage\":\"pt-BR\",\"@id\":\"https:\\\/\\\/beltraopalacehotel.com.br\\\/#\\\/schema\\\/logo\\\/image\\\/\",\"url\":\"https:\\\/\\\/beltraopalacehotel.com.br\\\/wp-content\\\/uploads\\\/2025\\\/12\\\/imagem_2025-12-03_143657246-scaled.png\",\"contentUrl\":\"https:\\\/\\\/beltraopalacehotel.com.br\\\/wp-content\\\/uploads\\\/2025\\\/12\\\/imagem_2025-12-03_143657246-scaled.png\",\"width\":2560,\"height\":806,\"caption\":\"Beltrao Palace Hotel\"},\"image\":{\"@id\":\"https:\\\/\\\/beltraopalacehotel.com.br\\\/#\\\/schema\\\/logo\\\/image\\\/\"}}]}<\/script>\n<!-- \/ Yoast SEO plugin. -->","yoast_head_json":{"title":"Or\u00e7amentos - Beltrao Palace Hotel","robots":{"index":"index","follow":"follow","max-snippet":"max-snippet:-1","max-image-preview":"max-image-preview:large","max-video-preview":"max-video-preview:-1"},"canonical":"https:\/\/beltraopalacehotel.com.br\/orcamentos-palace\/","og_locale":"pt_BR","og_type":"article","og_title":"Or\u00e7amentos - Beltrao Palace Hotel","og_description":"FA\u00c7A SEU OR\u00c7AMENTO Realize o seu evento no Francisco Beltr\u00e3o Palace Hotel. Preencha o formul\u00e1rio ao lado com os dados do seu evento e em breve entraremos em contato!","og_url":"https:\/\/beltraopalacehotel.com.br\/orcamentos-palace\/","og_site_name":"Beltrao Palace Hotel","article_modified_time":"2026-01-02T19:05:07+00:00","twitter_card":"summary_large_image","schema":{"@context":"https:\/\/schema.org","@graph":[{"@type":"WebPage","@id":"https:\/\/beltraopalacehotel.com.br\/orcamentos-palace\/","url":"https:\/\/beltraopalacehotel.com.br\/orcamentos-palace\/","name":"Or\u00e7amentos - Beltrao Palace Hotel","isPartOf":{"@id":"https:\/\/beltraopalacehotel.com.br\/#website"},"datePublished":"2025-12-09T17:39:13+00:00","dateModified":"2026-01-02T19:05:07+00:00","breadcrumb":{"@id":"https:\/\/beltraopalacehotel.com.br\/orcamentos-palace\/#breadcrumb"},"inLanguage":"pt-BR","potentialAction":[{"@type":"ReadAction","target":["https:\/\/beltraopalacehotel.com.br\/orcamentos-palace\/"]}]},{"@type":"BreadcrumbList","@id":"https:\/\/beltraopalacehotel.com.br\/orcamentos-palace\/#breadcrumb","itemListElement":[{"@type":"ListItem","position":1,"name":"In\u00edcio","item":"https:\/\/beltraopalacehotel.com.br\/"},{"@type":"ListItem","position":2,"name":"Or\u00e7amentos"}]},{"@type":"WebSite","@id":"https:\/\/beltraopalacehotel.com.br\/#website","url":"https:\/\/beltraopalacehotel.com.br\/","name":"Beltrao Palace Hotel","description":"","publisher":{"@id":"https:\/\/beltraopalacehotel.com.br\/#organization"},"potentialAction":[{"@type":"SearchAction","target":{"@type":"EntryPoint","urlTemplate":"https:\/\/beltraopalacehotel.com.br\/?s={search_term_string}"},"query-input":{"@type":"PropertyValueSpecification","valueRequired":true,"valueName":"search_term_string"}}],"inLanguage":"pt-BR"},{"@type":"Organization","@id":"https:\/\/beltraopalacehotel.com.br\/#organization","name":"Beltrao Palace Hotel","url":"https:\/\/beltraopalacehotel.com.br\/","logo":{"@type":"ImageObject","inLanguage":"pt-BR","@id":"https:\/\/beltraopalacehotel.com.br\/#\/schema\/logo\/image\/","url":"https:\/\/beltraopalacehotel.com.br\/wp-content\/uploads\/2025\/12\/imagem_2025-12-03_143657246-scaled.png","contentUrl":"https:\/\/beltraopalacehotel.com.br\/wp-content\/uploads\/2025\/12\/imagem_2025-12-03_143657246-scaled.png","width":2560,"height":806,"caption":"Beltrao Palace Hotel"},"image":{"@id":"https:\/\/beltraopalacehotel.com.br\/#\/schema\/logo\/image\/"}}]}},"_links":{"self":[{"href":"https:\/\/beltraopalacehotel.com.br\/wp-json\/wp\/v2\/pages\/103","targetHints":{"allow":["GET"]}}],"collection":[{"href":"https:\/\/beltraopalacehotel.com.br\/wp-json\/wp\/v2\/pages"}],"about":[{"href":"https:\/\/beltraopalacehotel.com.br\/wp-json\/wp\/v2\/types\/page"}],"author":[{"embeddable":true,"href":"https:\/\/beltraopalacehotel.com.br\/wp-json\/wp\/v2\/users\/1"}],"replies":[{"embeddable":true,"href":"https:\/\/beltraopalacehotel.com.br\/wp-json\/wp\/v2\/comments?post=103"}],"version-history":[{"count":27,"href":"https:\/\/beltraopalacehotel.com.br\/wp-json\/wp\/v2\/pages\/103\/revisions"}],"predecessor-version":[{"id":798,"href":"https:\/\/beltraopalacehotel.com.br\/wp-json\/wp\/v2\/pages\/103\/revisions\/798"}],"wp:attachment":[{"href":"https:\/\/beltraopalacehotel.com.br\/wp-json\/wp\/v2\/media?parent=103"}],"curies":[{"name":"wp","href":"https:\/\/api.w.org\/{rel}","templated":true}]}}