{"id":27,"date":"2025-12-03T17:35:04","date_gmt":"2025-12-03T17:35:04","guid":{"rendered":"https:\/\/beltraopalacehotel.com.br\/?page_id=27"},"modified":"2025-12-29T18:19:10","modified_gmt":"2025-12-29T18:19:10","slug":"home","status":"publish","type":"page","link":"https:\/\/beltraopalacehotel.com.br\/","title":{"rendered":"Home"},"content":{"rendered":"\t\t<div data-elementor-type=\"wp-page\" data-elementor-id=\"27\" class=\"elementor elementor-27\" data-elementor-post-type=\"page\">\n\t\t\t\t<div class=\"elementor-element elementor-element-aeb2565 e-flex e-con-boxed e-con e-parent\" data-id=\"aeb2565\" data-element_type=\"container\" data-e-type=\"container\">\n\t\t\t\t\t<div class=\"e-con-inner\">\n\t\t\t\t<div class=\"elementor-element elementor-element-32cf677 elementor-widget elementor-widget-image-carousel\" data-id=\"32cf677\" data-element_type=\"widget\" data-e-type=\"widget\" data-settings=\"{&quot;slides_to_show&quot;:&quot;1&quot;,&quot;navigation&quot;:&quot;none&quot;,&quot;autoplay_speed&quot;:2000,&quot;effect&quot;:&quot;fade&quot;,&quot;speed&quot;:1500,&quot;autoplay&quot;:&quot;yes&quot;,&quot;pause_on_hover&quot;:&quot;yes&quot;,&quot;pause_on_interaction&quot;:&quot;yes&quot;,&quot;infinite&quot;:&quot;yes&quot;}\" data-widget_type=\"image-carousel.default\">\n\t\t\t\t\t\t\t<div class=\"elementor-image-carousel-wrapper swiper\" role=\"region\" aria-roledescription=\"carousel\" aria-label=\"Carrossel de imagens\" dir=\"ltr\">\n\t\t\t<div class=\"elementor-image-carousel swiper-wrapper\" aria-live=\"off\">\n\t\t\t\t\t\t\t\t<div class=\"swiper-slide\" role=\"group\" aria-roledescription=\"slide\" aria-label=\"1 de 3\"><figure class=\"swiper-slide-inner\"><img decoding=\"async\" class=\"swiper-slide-image\" src=\"https:\/\/beltraopalacehotel.com.br\/wp-content\/uploads\/2025\/12\/imagem_2025-12-03_144715642.png\" alt=\"imagem_2025-12-03_144715642\" \/><\/figure><\/div><div class=\"swiper-slide\" role=\"group\" aria-roledescription=\"slide\" aria-label=\"2 de 3\"><figure class=\"swiper-slide-inner\"><img decoding=\"async\" class=\"swiper-slide-image\" src=\"https:\/\/beltraopalacehotel.com.br\/wp-content\/uploads\/2025\/12\/imagem_2025-12-03_144720135.png\" alt=\"imagem_2025-12-03_144720135\" \/><\/figure><\/div><div class=\"swiper-slide\" role=\"group\" aria-roledescription=\"slide\" aria-label=\"3 de 3\"><figure class=\"swiper-slide-inner\"><img decoding=\"async\" class=\"swiper-slide-image\" src=\"https:\/\/beltraopalacehotel.com.br\/wp-content\/uploads\/2025\/12\/imagem_2025-12-03_144724564.png\" alt=\"imagem_2025-12-03_144724564\" \/><\/figure><\/div>\t\t\t<\/div>\n\t\t\t\t\t\t\t\n\t\t\t\t\t\t\t\t\t<\/div>\n\t\t\t\t\t\t<\/div>\n\t\t\t\t\t<\/div>\n\t\t\t\t<\/div>\n\t\t<div class=\"elementor-element elementor-element-ebbe2f1 e-flex e-con-boxed e-con e-parent\" data-id=\"ebbe2f1\" data-element_type=\"container\" data-e-type=\"container\">\n\t\t\t\t\t<div class=\"e-con-inner\">\n\t\t<div class=\"elementor-element elementor-element-cb5de69 e-con-full e-flex e-con e-child\" data-id=\"cb5de69\" data-element_type=\"container\" data-e-type=\"container\">\n\t\t<div class=\"elementor-element elementor-element-e27a3a5 e-con-full e-flex e-con e-child\" data-id=\"e27a3a5\" data-element_type=\"container\" data-e-type=\"container\">\n\t\t\t\t<div class=\"elementor-element elementor-element-a671073 elementor-widget elementor-widget-heading\" data-id=\"a671073\" data-element_type=\"widget\" data-e-type=\"widget\" data-widget_type=\"heading.default\">\n\t\t\t\t\t<h5 class=\"elementor-heading-title elementor-size-default\">Acomoda\u00e7\u00f5es<\/h5>\t\t\t\t<\/div>\n\t\t\t\t<\/div>\n\t\t<div class=\"elementor-element elementor-element-fd865a8 e-con-full e-flex e-con e-child\" data-id=\"fd865a8\" data-element_type=\"container\" data-e-type=\"container\" data-settings=\"{&quot;background_background&quot;:&quot;gradient&quot;}\">\n\t\t\t\t<div class=\"elementor-element elementor-element-a69dc26 elementor-widget elementor-widget-heading\" data-id=\"a69dc26\" data-element_type=\"widget\" data-e-type=\"widget\" data-widget_type=\"heading.default\">\n\t\t\t\t\t<p class=\"elementor-heading-title elementor-size-default\">O conforto que voc\u00ea merece!<\/p>\t\t\t\t<\/div>\n\t\t\t\t<div class=\"elementor-element elementor-element-cb3b31d elementor-widget elementor-widget-image\" data-id=\"cb3b31d\" data-element_type=\"widget\" data-e-type=\"widget\" data-widget_type=\"image.default\">\n\t\t\t\t\t\t\t\t\t\t\t\t\t\t\t<img fetchpriority=\"high\" decoding=\"async\" width=\"750\" height=\"379\" src=\"https:\/\/beltraopalacehotel.com.br\/wp-content\/uploads\/2025\/12\/imagem_2025-12-03_145105929.png\" class=\"attachment-large size-large wp-image-44\" alt=\"\" srcset=\"https:\/\/beltraopalacehotel.com.br\/wp-content\/uploads\/2025\/12\/imagem_2025-12-03_145105929.png 750w, https:\/\/beltraopalacehotel.com.br\/wp-content\/uploads\/2025\/12\/imagem_2025-12-03_145105929-300x152.png 300w\" sizes=\"(max-width: 750px) 100vw, 750px\" \/>\t\t\t\t\t\t\t\t\t\t\t\t\t\t\t<\/div>\n\t\t\t\t<\/div>\n\t\t\t\t<\/div>\n\t\t<div class=\"elementor-element elementor-element-9634644 e-con-full e-flex e-con e-child\" data-id=\"9634644\" data-element_type=\"container\" data-e-type=\"container\">\n\t\t<div class=\"elementor-element elementor-element-35ba5ba e-con-full e-flex e-con e-child\" data-id=\"35ba5ba\" data-element_type=\"container\" data-e-type=\"container\">\n\t\t\t\t<div class=\"elementor-element elementor-element-9996247 elementor-widget elementor-widget-heading\" data-id=\"9996247\" data-element_type=\"widget\" data-e-type=\"widget\" data-widget_type=\"heading.default\">\n\t\t\t\t\t<h5 class=\"elementor-heading-title elementor-size-default\">Restaurante Paladino<\/h5>\t\t\t\t<\/div>\n\t\t\t\t<\/div>\n\t\t<div class=\"elementor-element elementor-element-aedb7c0 e-con-full e-flex e-con e-child\" data-id=\"aedb7c0\" data-element_type=\"container\" data-e-type=\"container\" data-settings=\"{&quot;background_background&quot;:&quot;gradient&quot;}\">\n\t\t\t\t<div class=\"elementor-element elementor-element-4c160cf elementor-widget elementor-widget-heading\" data-id=\"4c160cf\" data-element_type=\"widget\" data-e-type=\"widget\" data-widget_type=\"heading.default\">\n\t\t\t\t\t<p class=\"elementor-heading-title elementor-size-default\">Conhe\u00e7a nosso espa\u00e7o para eventos.<\/p>\t\t\t\t<\/div>\n\t\t\t\t<div class=\"elementor-element elementor-element-45ba7b4 elementor-widget elementor-widget-image\" data-id=\"45ba7b4\" data-element_type=\"widget\" data-e-type=\"widget\" data-widget_type=\"image.default\">\n\t\t\t\t\t\t\t\t\t\t\t\t\t\t\t<img decoding=\"async\" width=\"750\" height=\"380\" src=\"https:\/\/beltraopalacehotel.com.br\/wp-content\/uploads\/2025\/12\/imagem_2025-12-03_145525908.png\" class=\"attachment-large size-large wp-image-46\" alt=\"\" srcset=\"https:\/\/beltraopalacehotel.com.br\/wp-content\/uploads\/2025\/12\/imagem_2025-12-03_145525908.png 750w, https:\/\/beltraopalacehotel.com.br\/wp-content\/uploads\/2025\/12\/imagem_2025-12-03_145525908-300x152.png 300w\" sizes=\"(max-width: 750px) 100vw, 750px\" \/>\t\t\t\t\t\t\t\t\t\t\t\t\t\t\t<\/div>\n\t\t\t\t<\/div>\n\t\t\t\t<\/div>\n\t\t<div class=\"elementor-element elementor-element-5ec447f e-con-full e-flex e-con e-child\" data-id=\"5ec447f\" data-element_type=\"container\" data-e-type=\"container\">\n\t\t<div class=\"elementor-element elementor-element-44ff968 e-con-full e-flex e-con e-child\" data-id=\"44ff968\" data-element_type=\"container\" data-e-type=\"container\">\n\t\t\t\t<div class=\"elementor-element elementor-element-645278e elementor-widget elementor-widget-heading\" data-id=\"645278e\" data-element_type=\"widget\" data-e-type=\"widget\" data-widget_type=\"heading.default\">\n\t\t\t\t\t<h5 class=\"elementor-heading-title elementor-size-default\">Eventos<\/h5>\t\t\t\t<\/div>\n\t\t\t\t<\/div>\n\t\t<div class=\"elementor-element elementor-element-db7747f e-con-full e-flex e-con e-child\" data-id=\"db7747f\" data-element_type=\"container\" data-e-type=\"container\" data-settings=\"{&quot;background_background&quot;:&quot;gradient&quot;}\">\n\t\t\t\t<div class=\"elementor-element elementor-element-b285081 elementor-widget elementor-widget-heading\" data-id=\"b285081\" data-element_type=\"widget\" data-e-type=\"widget\" data-widget_type=\"heading.default\">\n\t\t\t\t\t<p class=\"elementor-heading-title elementor-size-default\">Uma estrutura completa para atender aos seus eventos<\/p>\t\t\t\t<\/div>\n\t\t\t\t<div class=\"elementor-element elementor-element-e5b0051 elementor-widget elementor-widget-image\" data-id=\"e5b0051\" data-element_type=\"widget\" data-e-type=\"widget\" data-widget_type=\"image.default\">\n\t\t\t\t\t\t\t\t\t\t\t\t\t\t\t<img decoding=\"async\" width=\"900\" height=\"601\" src=\"https:\/\/beltraopalacehotel.com.br\/wp-content\/uploads\/2025\/12\/imagem_2025-12-03_143147112.png\" class=\"attachment-full size-full wp-image-20\" alt=\"\" srcset=\"https:\/\/beltraopalacehotel.com.br\/wp-content\/uploads\/2025\/12\/imagem_2025-12-03_143147112.png 900w, https:\/\/beltraopalacehotel.com.br\/wp-content\/uploads\/2025\/12\/imagem_2025-12-03_143147112-300x200.png 300w, https:\/\/beltraopalacehotel.com.br\/wp-content\/uploads\/2025\/12\/imagem_2025-12-03_143147112-768x513.png 768w\" sizes=\"(max-width: 900px) 100vw, 900px\" \/>\t\t\t\t\t\t\t\t\t\t\t\t\t\t\t<\/div>\n\t\t\t\t<\/div>\n\t\t\t\t<\/div>\n\t\t\t\t\t<\/div>\n\t\t\t\t<\/div>\n\t\t<div class=\"elementor-element elementor-element-1ad119a e-flex e-con-boxed e-con e-parent\" data-id=\"1ad119a\" data-element_type=\"container\" data-e-type=\"container\">\n\t\t\t\t\t<div class=\"e-con-inner\">\n\t\t<div class=\"elementor-element elementor-element-90fbe51 e-con-full e-flex e-con e-child\" data-id=\"90fbe51\" data-element_type=\"container\" data-e-type=\"container\" data-settings=\"{&quot;background_background&quot;:&quot;gradient&quot;}\">\n\t\t<div class=\"elementor-element elementor-element-de9003b e-con-full e-flex e-con e-child\" data-id=\"de9003b\" data-element_type=\"container\" data-e-type=\"container\">\n\t\t\t\t<div class=\"elementor-element elementor-element-2ff3f6e elementor-pagination-position-outside elementor-widget elementor-widget-image-carousel\" data-id=\"2ff3f6e\" data-element_type=\"widget\" data-e-type=\"widget\" data-settings=\"{&quot;slides_to_show&quot;:&quot;1&quot;,&quot;navigation&quot;:&quot;dots&quot;,&quot;autoplay_speed&quot;:2000,&quot;effect&quot;:&quot;fade&quot;,&quot;speed&quot;:1500,&quot;autoplay&quot;:&quot;yes&quot;,&quot;pause_on_hover&quot;:&quot;yes&quot;,&quot;pause_on_interaction&quot;:&quot;yes&quot;,&quot;infinite&quot;:&quot;yes&quot;}\" data-widget_type=\"image-carousel.default\">\n\t\t\t\t\t\t\t<div class=\"elementor-image-carousel-wrapper swiper\" role=\"region\" aria-roledescription=\"carousel\" aria-label=\"Carrossel de imagens\" dir=\"ltr\">\n\t\t\t<div class=\"elementor-image-carousel swiper-wrapper swiper-image-stretch\" aria-live=\"off\">\n\t\t\t\t\t\t\t\t<div class=\"swiper-slide\" role=\"group\" aria-roledescription=\"slide\" aria-label=\"1 de 5\"><figure class=\"swiper-slide-inner\"><img decoding=\"async\" class=\"swiper-slide-image\" src=\"https:\/\/beltraopalacehotel.com.br\/wp-content\/uploads\/elementor\/thumbs\/imagem_2025-12-03_150548689-rfmh7unwavp37979awcczl34u8mqe4zhnnd382j8hu.png\" alt=\"imagem_2025-12-03_150548689\" \/><\/figure><\/div><div class=\"swiper-slide\" role=\"group\" aria-roledescription=\"slide\" aria-label=\"2 de 5\"><figure class=\"swiper-slide-inner\"><img decoding=\"async\" class=\"swiper-slide-image\" src=\"https:\/\/beltraopalacehotel.com.br\/wp-content\/uploads\/elementor\/thumbs\/imagem_2025-12-03_150553226-rfmh7yf927u8hp1soxyv9k4z7s478xef05z156dnsy.png\" alt=\"imagem_2025-12-03_150553226\" \/><\/figure><\/div><div class=\"swiper-slide\" role=\"group\" aria-roledescription=\"slide\" aria-label=\"3 de 5\"><figure class=\"swiper-slide-inner\"><img decoding=\"async\" class=\"swiper-slide-image\" src=\"https:\/\/beltraopalacehotel.com.br\/wp-content\/uploads\/elementor\/thumbs\/imagem_2025-12-03_150557775-rfmh834g0e0o3quyxi0040ya6ph1bex2ot8gjk6oxu.png\" alt=\"imagem_2025-12-03_150557775\" \/><\/figure><\/div><div class=\"swiper-slide\" role=\"group\" aria-roledescription=\"slide\" aria-label=\"4 de 5\"><figure class=\"swiper-slide-inner\"><img decoding=\"async\" class=\"swiper-slide-image\" src=\"https:\/\/beltraopalacehotel.com.br\/wp-content\/uploads\/elementor\/thumbs\/imagem_2025-12-03_150602092-rfmh87tmyk73pso56214yhrl5mtvdwfqdghvxxzq2q.png\" alt=\"imagem_2025-12-03_150602092\" \/><\/figure><\/div><div class=\"swiper-slide\" role=\"group\" aria-roledescription=\"slide\" aria-label=\"5 de 5\"><figure class=\"swiper-slide-inner\"><img decoding=\"async\" class=\"swiper-slide-image\" src=\"https:\/\/beltraopalacehotel.com.br\/wp-content\/uploads\/elementor\/thumbs\/imagem_2025-12-03_150607122-rfmh8citwqdjbuhbem29sykw4k6pgdye23rbcbsr7m.png\" alt=\"imagem_2025-12-03_150607122\" \/><\/figure><\/div>\t\t\t<\/div>\n\t\t\t\t\t\t\t\n\t\t\t\t\t\t\t\t\t<div class=\"swiper-pagination\"><\/div>\n\t\t\t\t\t\t\t\t\t<\/div>\n\t\t\t\t\t\t<\/div>\n\t\t\t\t<\/div>\n\t\t<div class=\"elementor-element elementor-element-ae86002 e-con-full e-flex e-con e-child\" data-id=\"ae86002\" data-element_type=\"container\" data-e-type=\"container\">\n\t\t\t\t<div class=\"elementor-element elementor-element-df78960 elementor-widget elementor-widget-image\" data-id=\"df78960\" data-element_type=\"widget\" data-e-type=\"widget\" data-widget_type=\"image.default\">\n\t\t\t\t\t\t\t\t\t\t\t\t\t\t\t\t<a href=\"https:\/\/beltraopalacehotel.com.br\/?page_id=121\">\n\t\t\t\t\t\t\t<img loading=\"lazy\" decoding=\"async\" width=\"562\" height=\"493\" src=\"https:\/\/beltraopalacehotel.com.br\/wp-content\/uploads\/2025\/12\/imagem_2025-12-03_150532892.png\" class=\"attachment-large size-large wp-image-52\" alt=\"\" srcset=\"https:\/\/beltraopalacehotel.com.br\/wp-content\/uploads\/2025\/12\/imagem_2025-12-03_150532892.png 562w, https:\/\/beltraopalacehotel.com.br\/wp-content\/uploads\/2025\/12\/imagem_2025-12-03_150532892-300x263.png 300w\" sizes=\"(max-width: 562px) 100vw, 562px\" \/>\t\t\t\t\t\t\t\t<\/a>\n\t\t\t\t\t\t\t\t\t\t\t\t\t\t\t<\/div>\n\t\t\t\t<\/div>\n\t\t\t\t<\/div>\n\t\t\t\t\t<\/div>\n\t\t\t\t<\/div>\n\t\t\t\t<\/div>\n\t\t","protected":false},"excerpt":{"rendered":"<p>Acomoda\u00e7\u00f5es O conforto que voc\u00ea merece! Restaurante Paladino Conhe\u00e7a nosso espa\u00e7o para eventos. Eventos Uma estrutura completa para atender aos seus eventos<\/p>\n","protected":false},"author":1,"featured_media":0,"parent":0,"menu_order":0,"comment_status":"closed","ping_status":"closed","template":"","meta":{"footnotes":""},"class_list":["post-27","page","type-page","status-publish","hentry"],"yoast_head":"<!-- This site is optimized with the Yoast SEO plugin v27.3 - https:\/\/yoast.com\/product\/yoast-seo-wordpress\/ -->\n<title>Home - Beltrao Palace Hotel<\/title>\n<meta name=\"robots\" content=\"index, follow, max-snippet:-1, max-image-preview:large, max-video-preview:-1\" \/>\n<link rel=\"canonical\" href=\"https:\/\/beltraopalacehotel.com.br\/\" \/>\n<meta property=\"og:locale\" content=\"pt_BR\" \/>\n<meta property=\"og:type\" content=\"article\" \/>\n<meta property=\"og:title\" content=\"Home - Beltrao Palace Hotel\" \/>\n<meta property=\"og:description\" content=\"Acomoda\u00e7\u00f5es O conforto que voc\u00ea merece! Restaurante Paladino Conhe\u00e7a nosso espa\u00e7o para eventos. Eventos Uma estrutura completa para atender aos seus eventos\" \/>\n<meta property=\"og:url\" content=\"https:\/\/beltraopalacehotel.com.br\/\" \/>\n<meta property=\"og:site_name\" content=\"Beltrao Palace Hotel\" \/>\n<meta property=\"article:modified_time\" content=\"2025-12-29T18:19:10+00:00\" \/>\n<meta property=\"og:image\" content=\"https:\/\/beltraopalacehotel.com.br\/wp-content\/uploads\/2025\/12\/imagem_2025-12-03_144715642.png\" \/>\n<meta name=\"twitter:card\" content=\"summary_large_image\" \/>\n<script type=\"application\/ld+json\" class=\"yoast-schema-graph\">{\"@context\":\"https:\\\/\\\/schema.org\",\"@graph\":[{\"@type\":\"WebPage\",\"@id\":\"https:\\\/\\\/beltraopalacehotel.com.br\\\/\",\"url\":\"https:\\\/\\\/beltraopalacehotel.com.br\\\/\",\"name\":\"Home - Beltrao Palace Hotel\",\"isPartOf\":{\"@id\":\"https:\\\/\\\/beltraopalacehotel.com.br\\\/#website\"},\"primaryImageOfPage\":{\"@id\":\"https:\\\/\\\/beltraopalacehotel.com.br\\\/#primaryimage\"},\"image\":{\"@id\":\"https:\\\/\\\/beltraopalacehotel.com.br\\\/#primaryimage\"},\"thumbnailUrl\":\"https:\\\/\\\/beltraopalacehotel.com.br\\\/wp-content\\\/uploads\\\/2025\\\/12\\\/imagem_2025-12-03_144715642.png\",\"datePublished\":\"2025-12-03T17:35:04+00:00\",\"dateModified\":\"2025-12-29T18:19:10+00:00\",\"breadcrumb\":{\"@id\":\"https:\\\/\\\/beltraopalacehotel.com.br\\\/#breadcrumb\"},\"inLanguage\":\"pt-BR\",\"potentialAction\":[{\"@type\":\"ReadAction\",\"target\":[\"https:\\\/\\\/beltraopalacehotel.com.br\\\/\"]}]},{\"@type\":\"ImageObject\",\"inLanguage\":\"pt-BR\",\"@id\":\"https:\\\/\\\/beltraopalacehotel.com.br\\\/#primaryimage\",\"url\":\"https:\\\/\\\/beltraopalacehotel.com.br\\\/wp-content\\\/uploads\\\/2025\\\/12\\\/imagem_2025-12-03_144715642.png\",\"contentUrl\":\"https:\\\/\\\/beltraopalacehotel.com.br\\\/wp-content\\\/uploads\\\/2025\\\/12\\\/imagem_2025-12-03_144715642.png\",\"width\":1200,\"height\":480},{\"@type\":\"BreadcrumbList\",\"@id\":\"https:\\\/\\\/beltraopalacehotel.com.br\\\/#breadcrumb\",\"itemListElement\":[{\"@type\":\"ListItem\",\"position\":1,\"name\":\"In\u00edcio\",\"item\":\"https:\\\/\\\/beltraopalacehotel.com.br\\\/\"},{\"@type\":\"ListItem\",\"position\":2,\"name\":\"Home\"}]},{\"@type\":\"WebSite\",\"@id\":\"https:\\\/\\\/beltraopalacehotel.com.br\\\/#website\",\"url\":\"https:\\\/\\\/beltraopalacehotel.com.br\\\/\",\"name\":\"Beltrao Palace Hotel\",\"description\":\"\",\"publisher\":{\"@id\":\"https:\\\/\\\/beltraopalacehotel.com.br\\\/#organization\"},\"potentialAction\":[{\"@type\":\"SearchAction\",\"target\":{\"@type\":\"EntryPoint\",\"urlTemplate\":\"https:\\\/\\\/beltraopalacehotel.com.br\\\/?s={search_term_string}\"},\"query-input\":{\"@type\":\"PropertyValueSpecification\",\"valueRequired\":true,\"valueName\":\"search_term_string\"}}],\"inLanguage\":\"pt-BR\"},{\"@type\":\"Organization\",\"@id\":\"https:\\\/\\\/beltraopalacehotel.com.br\\\/#organization\",\"name\":\"Beltrao Palace Hotel\",\"url\":\"https:\\\/\\\/beltraopalacehotel.com.br\\\/\",\"logo\":{\"@type\":\"ImageObject\",\"inLanguage\":\"pt-BR\",\"@id\":\"https:\\\/\\\/beltraopalacehotel.com.br\\\/#\\\/schema\\\/logo\\\/image\\\/\",\"url\":\"https:\\\/\\\/beltraopalacehotel.com.br\\\/wp-content\\\/uploads\\\/2025\\\/12\\\/imagem_2025-12-03_143657246-scaled.png\",\"contentUrl\":\"https:\\\/\\\/beltraopalacehotel.com.br\\\/wp-content\\\/uploads\\\/2025\\\/12\\\/imagem_2025-12-03_143657246-scaled.png\",\"width\":2560,\"height\":806,\"caption\":\"Beltrao Palace Hotel\"},\"image\":{\"@id\":\"https:\\\/\\\/beltraopalacehotel.com.br\\\/#\\\/schema\\\/logo\\\/image\\\/\"}}]}<\/script>\n<!-- \/ Yoast SEO plugin. -->","yoast_head_json":{"title":"Home - Beltrao Palace Hotel","robots":{"index":"index","follow":"follow","max-snippet":"max-snippet:-1","max-image-preview":"max-image-preview:large","max-video-preview":"max-video-preview:-1"},"canonical":"https:\/\/beltraopalacehotel.com.br\/","og_locale":"pt_BR","og_type":"article","og_title":"Home - Beltrao Palace Hotel","og_description":"Acomoda\u00e7\u00f5es O conforto que voc\u00ea merece! Restaurante Paladino Conhe\u00e7a nosso espa\u00e7o para eventos. Eventos Uma estrutura completa para atender aos seus eventos","og_url":"https:\/\/beltraopalacehotel.com.br\/","og_site_name":"Beltrao Palace Hotel","article_modified_time":"2025-12-29T18:19:10+00:00","og_image":[{"url":"https:\/\/beltraopalacehotel.com.br\/wp-content\/uploads\/2025\/12\/imagem_2025-12-03_144715642.png","type":"","width":"","height":""}],"twitter_card":"summary_large_image","schema":{"@context":"https:\/\/schema.org","@graph":[{"@type":"WebPage","@id":"https:\/\/beltraopalacehotel.com.br\/","url":"https:\/\/beltraopalacehotel.com.br\/","name":"Home - Beltrao Palace Hotel","isPartOf":{"@id":"https:\/\/beltraopalacehotel.com.br\/#website"},"primaryImageOfPage":{"@id":"https:\/\/beltraopalacehotel.com.br\/#primaryimage"},"image":{"@id":"https:\/\/beltraopalacehotel.com.br\/#primaryimage"},"thumbnailUrl":"https:\/\/beltraopalacehotel.com.br\/wp-content\/uploads\/2025\/12\/imagem_2025-12-03_144715642.png","datePublished":"2025-12-03T17:35:04+00:00","dateModified":"2025-12-29T18:19:10+00:00","breadcrumb":{"@id":"https:\/\/beltraopalacehotel.com.br\/#breadcrumb"},"inLanguage":"pt-BR","potentialAction":[{"@type":"ReadAction","target":["https:\/\/beltraopalacehotel.com.br\/"]}]},{"@type":"ImageObject","inLanguage":"pt-BR","@id":"https:\/\/beltraopalacehotel.com.br\/#primaryimage","url":"https:\/\/beltraopalacehotel.com.br\/wp-content\/uploads\/2025\/12\/imagem_2025-12-03_144715642.png","contentUrl":"https:\/\/beltraopalacehotel.com.br\/wp-content\/uploads\/2025\/12\/imagem_2025-12-03_144715642.png","width":1200,"height":480},{"@type":"BreadcrumbList","@id":"https:\/\/beltraopalacehotel.com.br\/#breadcrumb","itemListElement":[{"@type":"ListItem","position":1,"name":"In\u00edcio","item":"https:\/\/beltraopalacehotel.com.br\/"},{"@type":"ListItem","position":2,"name":"Home"}]},{"@type":"WebSite","@id":"https:\/\/beltraopalacehotel.com.br\/#website","url":"https:\/\/beltraopalacehotel.com.br\/","name":"Beltrao Palace Hotel","description":"","publisher":{"@id":"https:\/\/beltraopalacehotel.com.br\/#organization"},"potentialAction":[{"@type":"SearchAction","target":{"@type":"EntryPoint","urlTemplate":"https:\/\/beltraopalacehotel.com.br\/?s={search_term_string}"},"query-input":{"@type":"PropertyValueSpecification","valueRequired":true,"valueName":"search_term_string"}}],"inLanguage":"pt-BR"},{"@type":"Organization","@id":"https:\/\/beltraopalacehotel.com.br\/#organization","name":"Beltrao Palace Hotel","url":"https:\/\/beltraopalacehotel.com.br\/","logo":{"@type":"ImageObject","inLanguage":"pt-BR","@id":"https:\/\/beltraopalacehotel.com.br\/#\/schema\/logo\/image\/","url":"https:\/\/beltraopalacehotel.com.br\/wp-content\/uploads\/2025\/12\/imagem_2025-12-03_143657246-scaled.png","contentUrl":"https:\/\/beltraopalacehotel.com.br\/wp-content\/uploads\/2025\/12\/imagem_2025-12-03_143657246-scaled.png","width":2560,"height":806,"caption":"Beltrao Palace Hotel"},"image":{"@id":"https:\/\/beltraopalacehotel.com.br\/#\/schema\/logo\/image\/"}}]}},"_links":{"self":[{"href":"https:\/\/beltraopalacehotel.com.br\/wp-json\/wp\/v2\/pages\/27","targetHints":{"allow":["GET"]}}],"collection":[{"href":"https:\/\/beltraopalacehotel.com.br\/wp-json\/wp\/v2\/pages"}],"about":[{"href":"https:\/\/beltraopalacehotel.com.br\/wp-json\/wp\/v2\/types\/page"}],"author":[{"embeddable":true,"href":"https:\/\/beltraopalacehotel.com.br\/wp-json\/wp\/v2\/users\/1"}],"replies":[{"embeddable":true,"href":"https:\/\/beltraopalacehotel.com.br\/wp-json\/wp\/v2\/comments?post=27"}],"version-history":[{"count":25,"href":"https:\/\/beltraopalacehotel.com.br\/wp-json\/wp\/v2\/pages\/27\/revisions"}],"predecessor-version":[{"id":706,"href":"https:\/\/beltraopalacehotel.com.br\/wp-json\/wp\/v2\/pages\/27\/revisions\/706"}],"wp:attachment":[{"href":"https:\/\/beltraopalacehotel.com.br\/wp-json\/wp\/v2\/media?parent=27"}],"curies":[{"name":"wp","href":"https:\/\/api.w.org\/{rel}","templated":true}]}}